{"id":89,"date":"2016-12-22T14:05:52","date_gmt":"2016-12-22T14:05:52","guid":{"rendered":"http:\/\/www.terra.unimore.it\/scienzenaturali\/?page_id=89"},"modified":"2026-04-20T11:58:14","modified_gmt":"2026-04-20T11:58:14","slug":"tirocini","status":"publish","type":"page","link":"https:\/\/www.scienzenaturali.unimore.it\/?page_id=89","title":{"rendered":"Tirocinio formativo"},"content":{"rendered":"<h4 style=\"text-align: center;\">LEGGERE TUTTO CON MOLTA ATTENZIONE (PAGINE ESTERNE INCLUSE)<\/h4>\n<h2>Generalit\u00e0<\/h2>\n<p>Lo studente \u00e8 tenuto ad acquisire specifiche professionalit\u00e0 attraverso l&#8217;attivit\u00e0 obbligatoria di tirocinio. A tale attivit\u00e0 dovr\u00e0 dedicare 150 ore (6 crediti) in uno o pi\u00f9 periodi di addestramento pratico da effettuarsi, a sua scelta e dietro disponibilit\u00e0 della Struttura Ospitante, presso Istituti, Dipartimenti o Centri di Ricerca universitari, Laboratori o Enti pubblici o privati, studi professionali, societ\u00e0 o Industrie, in Italia o all&#8217;Estero. In ogni fase del tirocinio lo studente opera sotto il controllo diretto di un Tutor della struttura ospitante (tutor aziendale) e di un Docente-tutor afferente al CCL (tutor scientifico).<\/p>\n<h2>Il tirocinio formativo<\/h2>\n<p>L&#8217;attivit\u00e0 di tirocinio (6 CFU) \u00e8 una attivit\u00e0 formativa e di ricerca che pu\u00f2 essere svolta sia all&#8217;interno di UNIMORE (<strong>tirocinio interno<\/strong>) sia presso enti esterni convenzionati o con cui avviare una convenzione (<strong>tirocinio esterno<\/strong>).<\/p>\n<p><strong>Tirocino interno<\/strong>. Se sei interessato a svolgere un tirocinio interno, allora puoi metterti direttamente in contatto con il docente dell\u2019insegnamento che svolge l&#8217;attivit\u00e0 di ricerca da te prescelta. Una volta accertata la sua disponibilit\u00e0, elaborerete insieme un progetto di ricerca che potrai anche implementare durante lo svolgimento della Tesi di Laurea.<\/p>\n<p><strong>Tirocinio esterno<\/strong>. Se sei interessato ad un tirocinio esterno e hai gi\u00e0 individuato l\u2019ente o l\u2019azienda dove farlo, prima di iniziare il tirocinio devi contattare il referente interno al Corso di Laurea per i tirocini (Prof. <a href=\"https:\/\/unimore.unifind.cineca.it\/get\/person\/020602\">Chiara Fioroni<\/a>, tirocini ambito geologico-naturalistico; Prof. <a href=\"https:\/\/unimore.unifind.cineca.it\/get\/person\/014584\">Antonio Todaro<\/a>, tirocini ambito biologico-naturalistico) affinch\u00e9 possa valutare la congruenza del progetto formativo proposto dall\u2019azienda con gli obiettivi formativi del Corso di Studi. La valutazione del progetto formativo \u00e8 particolarmente importante nel caso in cui l\u2019azienda non sia ancora convenzionata con UNIMORE. Il parere positivo del referente consentir\u00e0 di stipulare la nuova convenzione. Il referente, sulla base del progetto formativo, potr\u00e0 inoltre darti suggerimenti per individuare il tutor scientifico (interno al Corso di Laurea). Se non hai ancora individuato l\u2019ente o l\u2019azienda dove farlo puoi verificare eventuali proposte presso gli <a href=\"https:\/\/placement.unimore.it\/it\/lau\/lau_aziendeconvenzionate\/\">enti esterni gi\u00e0 convenzionati con UNIMORE<\/a>. Se la ricerca da esito positivo, chiedi all\u2019azienda il progetto formativo e poi contatta il referente.<\/p>\n<p style=\"text-align: center;\"><strong>ALCUNE NOTE MOLTO IMPORTANTI SUL TIROCINO ESTERNO<\/strong>:<\/p>\n<p style=\"text-align: left;\">1) Se hai gi\u00e0 parlato con <strong>un docente del Corso di Studio che ti ha consigliato un Ente specifico, sar\u00e0 quest\u2019ultimo a fungere da referente<\/strong> e a svolgere quanto indicato sopra.<\/p>\n<p>2) Quanto detto non significa che tu non possa proporre tue idee di tirocinio e\/o contattare preventivamente aziende\/enti di tuo interesse, ma che <strong>non puoi decidere autonomamente dove svolgere il tirocinio senza comunicarcelo<\/strong>. Ad esempio, supponiamo tu sia interessato ad approfondire una determinata problematica ambientale\u00a0 relativa al territorio in cui risiedi e che tu sia a conoscenza di un ente\/azienda che se ne occupa; sei libero di contattare l&#8217;ente\/azienda e chiedere se possono ospitare dei tirocinanti informandoti su quali attivit\u00e0 propongono. Prima per\u00f2 di dire all&#8217;ente\/azienda che accetti una certa attivit\u00e0 devi rivolgerti ai referenti sopra indicati che potranno dirti se tra i docenti ve ne \u00e8 qualcuno che possa coadiuvarti nell&#8217;attivit\u00e0 stessa e, soprattutto, se l&#8217;attivit\u00e0 \u00e8 coerente con gli obiettivi formativi del Corso di Laurea. <strong>Se e solo se sussistono questi requisiti l&#8217;azienda verr\u00e0 ufficialmente contattata<\/strong> (da noi) e verr\u00e0 formulata una convenzione (richiede mediamente 30 giorni) dopodich\u00e9 potrai iniziare l&#8217;attivit\u00e0 di tirocinio.<\/p>\n<p>3) Considera che potrebbe essere possibile che tu <strong>trovi un tutor interno al Corso di Laurea disposto a seguirti per una attivit\u00e0 di tirocinio esterno, ma non per abbinarvi una tesi di laurea<\/strong>. Questa rimane una scelta tua. Nel caso potrai svolgere il tirocinio nell&#8217;ente\/azienda scelta, ma dovrai poi svolgere una tesi su altri argomenti.<\/p>\n<p>4) <strong>Consulta frequentemente la <a href=\"https:\/\/www.scienzenaturali.unimore.it\/?lang=it\">sezione news nella home page del sito<\/a><\/strong> poich\u00e8 l\u00ec vengono pubblicate periodicamente proposte di tirocinionio spesso disponibili fin da subito.<\/p>\n<h2>Modalit\u00e0 di avvio e tempistiche<\/h2>\n<p><strong>Modalit\u00e0 di avvio.<\/strong> Fermo restando quanto detto al paragrafo precedente, dal 2 Ottobre 2017, le procedure per iniziare lo stage sono gestite attraverso la <a href=\"http:\/\/www.orientamento.unimore.it\/site\/home\/orientamento-al-lavoro-e-placement\/studenti-e-laureati\/tirocini\/articolo90046463.html\">Piattaforma Tirocini<\/a>. Trovi tutte le informazioni necessarie sul sito del Dipartimento di Scienze Chimiche e Geologiche in <a href=\"https:\/\/www.dscg.unimore.it\/it\/didattica\/tirocinio-e-stages\">questa pagina<\/a> (prestare molta attenzione ai punti 1 e 2). Il CdS in Scienze Naturali organizza, indicativamente tra l&#8217;ultima settimana di maggio e la prima di giugno, un giornata di presentazione dei tirocini (modalit\u00e0 di attivazione). <a href=\"https:\/\/www.scienzenaturali.unimore.it\/wp-content\/uploads\/2025\/08\/Procedure-Tirocinio-Curriculare-SN.pdf\">Puoi scaricare qui la presentazione.<\/a><\/p>\n<p><strong>Tempistiche.<\/strong> Il tirocinio (interno o esterno) viene solitamente svolto il terzo anno di corso concentrando possibilmente le attivit\u00e0 al di fuori del periodo di lezione; inoltre, salvo motivate eccezioni, il tirocinio non pu\u00f2 essere avviato se non sono stati <strong>conseguiti almeno 90 cfu<\/strong>. \u00c8 inoltre importante non dimenticare che: i) qualora si intenda svolgere un tirocinio esterno, in assenza di convenzioni gi\u00e0 in atto, occorrono almeno 60 giorni per attivarle; ii) le 150 ore in cui si articola il tirocinio dovrebbero essere spalmate in un lasso temporale compatibile con gli obiettivi preposti; ii) l&#8217;attivit\u00e0 di tirocinio deve concludersi almeno un mese prima della data prevista di laurea per poterne permettere la registrazione (vedi in seguito).<\/p>\n<p><strong>Riconoscimento dell&#8217;attivit\u00e0 svolta.<\/strong> Il tirocinante ha l&#8217;obbligo di compilare regolarmente la scheda ore che pu\u00f2 ritirare presso l&#8217;ufficio tirocini al momento della consegna della richiesta. La scheda ore deve essere approvata, timbrata e firmata dal responsabile della struttura ospitante e <strong>consegnata tassativamente almeno 21 giorni prima della data prevista per il conseguimento della laurea<\/strong>.<\/p>\n<p style=\"text-align: center;\"><a href=\"https:\/\/www.scienzenaturali.unimore.it\/wp-content\/uploads\/2024\/05\/procedura_tirocini_chimgeo_2024.pdf\"><strong>Ti invitiamo inoltre a scaricare e consultare la guida completa<\/strong><\/a><\/p>\n<h2>Riconoscimento attivit\u00e0 pregresse<\/h2>\n<p>Tutte le attivit\u00e0 di tirocinio prima del loro avvio devono essere inserite in un progetto formativo in cui sono chiaramente definiti gli obiettivi e che deve essere approvato da un responsabile scientifico del CdS e, se presente, da un referente aziendale; inoltre, al termine del tirocinio, le attivit\u00e0 svolte devono essere valutate ed approvate sia dal responsabile scientifico del CdS sia dall&#8217;eventuale referente aziendale. Di conseguenza <strong>nessuna attivit\u00e0 pregressa, anche se svolta durante il percorso di laurea e potenzialmente affine agli obiettivi formati del CdS, pu\u00f2 essere utilizzata per ottenere crediti di tirocinio.<\/strong><\/p>\n<h2>Ulteriori informazioni<\/h2>\n<p>Chi necessita ulteriori informazioni e chiarimenti (tecnici\/amministrativi) pu\u00f2 rivolgersi alla Coordinamento Didattico del Dipartimento (didattica.chimgeo@unimore.it). Gli orari di apertura dello sportello tirocini sono indicati in <a href=\"http:\/\/www.dscg.unimore.it\/site\/home\/didattica\/tirocinio-e-stages.html\">questa pagina<\/a>.<\/p>\n<h2>Link utili<\/h2>\n<p><a href=\"https:\/\/www.kidlights.it\/\">Associazione Kidlights<\/a> &#8211; <a href=\"https:\/\/www.scienzenaturali.unimore.it\/wp-content\/uploads\/2021\/06\/kidlights.pdf\">Scarica la presentazione<\/a><br \/>\n<a href=\"https:\/\/www.hpsl.unimore.it\/\">Holistic Plant Sensing Lab<\/a><\/p>\n<p style=\"text-align: center;\">\n","protected":false},"excerpt":{"rendered":"<p>LEGGERE TUTTO CON MOLTA ATTENZIONE (PAGINE ESTERNE INCLUSE) Generalit\u00e0 Lo studente \u00e8 tenuto ad acquisire specifiche professionalit\u00e0 attraverso l&#8217;attivit\u00e0 obbligatoria di tirocinio. A tale attivit\u00e0 dovr\u00e0 dedicare 150 ore (6 crediti) in uno o pi\u00f9 periodi di addestramento pratico da effettuarsi, a sua scelta e dietro disponibilit\u00e0 della Struttura Ospitante,\u2026<\/p>\n<p class=\"continue-reading-button\"> <a class=\"continue-reading-link\" href=\"https:\/\/www.scienzenaturali.unimore.it\/?page_id=89\">Continue reading<i class=\"crycon-right-dir\"><\/i><\/a><\/p>\n","protected":false},"author":4,"featured_media":0,"parent":63,"menu_order":50,"comment_status":"closed","ping_status":"closed","template":"","meta":{"footnotes":""},"class_list":["post-89","page","type-page","status-publish","hentry"],"_links":{"self":[{"href":"https:\/\/www.scienzenaturali.unimore.it\/index.php?rest_route=\/wp\/v2\/pages\/89","targetHints":{"allow":["GET"]}}],"collection":[{"href":"https:\/\/www.scienzenaturali.unimore.it\/index.php?rest_route=\/wp\/v2\/pages"}],"about":[{"href":"https:\/\/www.scienzenaturali.unimore.it\/index.php?rest_route=\/wp\/v2\/types\/page"}],"author":[{"embeddable":true,"href":"https:\/\/www.scienzenaturali.unimore.it\/index.php?rest_route=\/wp\/v2\/users\/4"}],"replies":[{"embeddable":true,"href":"https:\/\/www.scienzenaturali.unimore.it\/index.php?rest_route=%2Fwp%2Fv2%2Fcomments&post=89"}],"version-history":[{"count":33,"href":"https:\/\/www.scienzenaturali.unimore.it\/index.php?rest_route=\/wp\/v2\/pages\/89\/revisions"}],"predecessor-version":[{"id":2196,"href":"https:\/\/www.scienzenaturali.unimore.it\/index.php?rest_route=\/wp\/v2\/pages\/89\/revisions\/2196"}],"up":[{"embeddable":true,"href":"https:\/\/www.scienzenaturali.unimore.it\/index.php?rest_route=\/wp\/v2\/pages\/63"}],"wp:attachment":[{"href":"https:\/\/www.scienzenaturali.unimore.it\/index.php?rest_route=%2Fwp%2Fv2%2Fmedia&parent=89"}],"curies":[{"name":"wp","href":"https:\/\/api.w.org\/{rel}","templated":true}]}}