{"id":7,"date":"2016-12-22T10:07:43","date_gmt":"2016-12-22T10:07:43","guid":{"rendered":"http:\/\/www.terra.unimore.it\/scienzenaturali\/?page_id=7"},"modified":"2021-03-05T11:16:44","modified_gmt":"2021-03-05T11:16:44","slug":"il-corso","status":"publish","type":"page","link":"https:\/\/www.scienzenaturali.unimore.it\/?page_id=7","title":{"rendered":"Futuro Studente"},"content":{"rendered":"<p class=\"western\"><b><img loading=\"lazy\" decoding=\"async\" class=\"alignright size-medium wp-image-451\" src=\"http:\/\/www.terra.unimore.it\/scienzenaturali\/wp-content\/uploads\/2016\/12\/Escurs-SN-07-11-07-27-300x225.jpg\" alt=\"\" width=\"300\" height=\"225\" srcset=\"https:\/\/www.scienzenaturali.unimore.it\/wp-content\/uploads\/2016\/12\/Escurs-SN-07-11-07-27-300x225.jpg 300w, https:\/\/www.scienzenaturali.unimore.it\/wp-content\/uploads\/2016\/12\/Escurs-SN-07-11-07-27-768x576.jpg 768w, https:\/\/www.scienzenaturali.unimore.it\/wp-content\/uploads\/2016\/12\/Escurs-SN-07-11-07-27-1024x768.jpg 1024w, https:\/\/www.scienzenaturali.unimore.it\/wp-content\/uploads\/2016\/12\/Escurs-SN-07-11-07-27-200x150.jpg 200w, https:\/\/www.scienzenaturali.unimore.it\/wp-content\/uploads\/2016\/12\/Escurs-SN-07-11-07-27-150x113.jpg 150w\" sizes=\"auto, (max-width: 300px) 100vw, 300px\" \/>La laurea in Scienze Naturali.<\/b> La Laurea in Scienze Naturali \u00e8 rivolta a tutti gli studenti amanti della natura che intendono sviluppare ed approfondire le proprie conoscenze in ambito naturalistico ed ambientale. Finalit\u00e0 del Corso \u00e8 preparare laureati dinamici in grado di operare in una realt\u00e0 complessa come quella degli ambienti naturali dove interagiscono fattori a variabilit\u00e0 multipla, attraverso una figura che abbia conoscenze e competenze largamente interdisciplinari. L&#8217;offerta didattica del corso di Laurea (cio\u00e8 gli insegnamenti anno per anno) viene periodicamente rivista in funzione di diversi fattori (ad esempio suggerimenti del Comitato di Indirizzo utili a migliorare le attivit\u00e0 formative, o variazioni delle legislazioni vigenti che impongono adeguamenti formativi). Oltre altre alle materie di base volte a fornire la conoscenza dei fondamenti di matematica, fisica e chimica, il Corso prevede insegnamenti dedicati allo studio delle forme, funzioni, processi e fenomeni alla base della vita degli organismi e dell&#8217;ambiente fisico nel quale essi vivono, visti anche in un quadro evoluzionistico. In questo contesto viene anche focalizzata l&#8217;attenzione al rilevamento, alla classificazione, all&#8217;analisi, al ripristino e alla conservazione di componenti abiotiche e biotiche degli ecosistemi naturali. Gli studenti potranno inoltre approfondire aspetti legati alla geologia piuttosto che alla biologia e viceversa e potranno sviluppare attivit\u00e0 pi\u00f9 applicative (es. in ambito ecologico, etologico, geografico etc.).<\/p>\n<p class=\"western\"><b>Proseguire gli studi.<\/b> Il Corso \u00e8 stato progettato per fornire una solida preparazione di base su cui fondare gli studi pi\u00f9 avanzati che caratterizzano le Lauree Magistrali di UNIMORE ad esso pi\u00f9 affini come, ad esempio, la Laurea magistrale in <a href=\"http:\/\/www.s4edu.unimore.it\/\">Didattica e Comunicazione delle Scienze<\/a> che verr\u00e0 attivata a partire dall&#8217;Anno Accademico 2019\/20.<\/p>\n<p class=\"western\" align=\"left\"><b>Mondo del lavoro.<\/b> Finalit\u00e0 di questo percorso \u00e8 preparare laureati in grado di operare in una realt\u00e0 complessa come quella degli ambienti naturali dove interagiscono fattori a variabilit\u00e0 multipla, attraverso una figura che abbia conoscenze e competenze largamente interdisciplinari. Il laureato in Scienze Naturali potr\u00e0 svolgere attivit\u00e0 professionali nel campo della raccolta, rappresentazione ed interpretazione dei dati naturalistici necessari per la gestione e la salvaguardia dell&#8217;ambiente (monitoraggi ambientali, bonifiche, valutazioni e certificazioni ambientali) ed attivit\u00e0 di formazione e divulgazione naturalistica in enti pubblici o privati che operano per la tutela e la valorizzazione del patrimonio naturale.<\/p>\n","protected":false},"excerpt":{"rendered":"<p>La laurea in Scienze Naturali. La Laurea in Scienze Naturali \u00e8 rivolta a tutti gli studenti amanti della natura che intendono sviluppare ed approfondire le proprie conoscenze in ambito naturalistico ed ambientale. Finalit\u00e0 del Corso \u00e8 preparare laureati dinamici in grado di operare in una realt\u00e0 complessa come quella degli\u2026<\/p>\n<p class=\"continue-reading-button\"> <a class=\"continue-reading-link\" href=\"https:\/\/www.scienzenaturali.unimore.it\/?page_id=7\">Continue reading<i class=\"crycon-right-dir\"><\/i><\/a><\/p>\n","protected":false},"author":4,"featured_media":0,"parent":0,"menu_order":2,"comment_status":"closed","ping_status":"closed","template":"","meta":{"footnotes":""},"class_list":["post-7","page","type-page","status-publish","hentry"],"_links":{"self":[{"href":"https:\/\/www.scienzenaturali.unimore.it\/index.php?rest_route=\/wp\/v2\/pages\/7","targetHints":{"allow":["GET"]}}],"collection":[{"href":"https:\/\/www.scienzenaturali.unimore.it\/index.php?rest_route=\/wp\/v2\/pages"}],"about":[{"href":"https:\/\/www.scienzenaturali.unimore.it\/index.php?rest_route=\/wp\/v2\/types\/page"}],"author":[{"embeddable":true,"href":"https:\/\/www.scienzenaturali.unimore.it\/index.php?rest_route=\/wp\/v2\/users\/4"}],"replies":[{"embeddable":true,"href":"https:\/\/www.scienzenaturali.unimore.it\/index.php?rest_route=%2Fwp%2Fv2%2Fcomments&post=7"}],"version-history":[{"count":11,"href":"https:\/\/www.scienzenaturali.unimore.it\/index.php?rest_route=\/wp\/v2\/pages\/7\/revisions"}],"predecessor-version":[{"id":1400,"href":"https:\/\/www.scienzenaturali.unimore.it\/index.php?rest_route=\/wp\/v2\/pages\/7\/revisions\/1400"}],"wp:attachment":[{"href":"https:\/\/www.scienzenaturali.unimore.it\/index.php?rest_route=%2Fwp%2Fv2%2Fmedia&parent=7"}],"curies":[{"name":"wp","href":"https:\/\/api.w.org\/{rel}","templated":true}]}}