{"id":345,"date":"2016-12-23T09:30:56","date_gmt":"2016-12-23T09:30:56","guid":{"rendered":"http:\/\/www.terra.unimore.it\/scienzenaturali\/?page_id=345"},"modified":"2024-01-11T09:38:31","modified_gmt":"2024-01-11T09:38:31","slug":"monti-lessini","status":"publish","type":"page","link":"https:\/\/www.scienzenaturali.unimore.it\/?page_id=345","title":{"rendered":"Monti Lessini"},"content":{"rendered":"<p>La visita a due distinte sezioni geologiche ha consentito di osservare l&#8217;evoluzione delle associazioni fossili nel corso del Giurassico, con la possibilit\u00e0 di cogliere l&#8217;evoluzione paleoecologica subita dalla piattaforma dei Lessini durante questo periodo. In particolare si \u00e8 potuto osservare il passaggio da ambienti costieri superficiali (Formazione dei Calcari Grigi &#8211; Giurassico Inferiore) a fondali profondi e di mare aperto (Formazione del Rosso Ammonitico &#8211; Giurassico Medio\/Superiore). L&#8217;attivit\u00e0 pi\u00f9 popolare della giornata \u00e8 risultata comunque la &#8220;caccia all&#8217;ammonite&#8221;, con il rinvenimento di alcune &#8220;prede&#8221; di tutto riguardo.<\/p>\n","protected":false},"excerpt":{"rendered":"<p>La visita a due distinte sezioni geologiche ha consentito di osservare l&#8217;evoluzione delle associazioni fossili nel corso del Giurassico, con la possibilit\u00e0 di cogliere l&#8217;evoluzione paleoecologica subita dalla piattaforma dei Lessini durante questo periodo. In particolare si \u00e8 potuto osservare il passaggio da ambienti costieri superficiali (Formazione dei Calcari Grigi\u2026<\/p>\n<p class=\"continue-reading-button\"> <a class=\"continue-reading-link\" href=\"https:\/\/www.scienzenaturali.unimore.it\/?page_id=345\">Continue reading<i class=\"crycon-right-dir\"><\/i><\/a><\/p>\n","protected":false},"author":4,"featured_media":0,"parent":19,"menu_order":0,"comment_status":"closed","ping_status":"closed","template":"","meta":{"footnotes":""},"class_list":["post-345","page","type-page","status-publish","hentry"],"_links":{"self":[{"href":"https:\/\/www.scienzenaturali.unimore.it\/index.php?rest_route=\/wp\/v2\/pages\/345","targetHints":{"allow":["GET"]}}],"collection":[{"href":"https:\/\/www.scienzenaturali.unimore.it\/index.php?rest_route=\/wp\/v2\/pages"}],"about":[{"href":"https:\/\/www.scienzenaturali.unimore.it\/index.php?rest_route=\/wp\/v2\/types\/page"}],"author":[{"embeddable":true,"href":"https:\/\/www.scienzenaturali.unimore.it\/index.php?rest_route=\/wp\/v2\/users\/4"}],"replies":[{"embeddable":true,"href":"https:\/\/www.scienzenaturali.unimore.it\/index.php?rest_route=%2Fwp%2Fv2%2Fcomments&post=345"}],"version-history":[{"count":3,"href":"https:\/\/www.scienzenaturali.unimore.it\/index.php?rest_route=\/wp\/v2\/pages\/345\/revisions"}],"predecessor-version":[{"id":1924,"href":"https:\/\/www.scienzenaturali.unimore.it\/index.php?rest_route=\/wp\/v2\/pages\/345\/revisions\/1924"}],"up":[{"embeddable":true,"href":"https:\/\/www.scienzenaturali.unimore.it\/index.php?rest_route=\/wp\/v2\/pages\/19"}],"wp:attachment":[{"href":"https:\/\/www.scienzenaturali.unimore.it\/index.php?rest_route=%2Fwp%2Fv2%2Fmedia&parent=345"}],"curies":[{"name":"wp","href":"https:\/\/api.w.org\/{rel}","templated":true}]}}