{"id":21,"date":"2016-12-22T10:17:07","date_gmt":"2016-12-22T10:17:07","guid":{"rendered":"http:\/\/www.terra.unimore.it\/scienzenaturali\/?page_id=21"},"modified":"2024-04-22T07:06:52","modified_gmt":"2024-04-22T07:06:52","slug":"accesso-al-corso","status":"publish","type":"page","link":"https:\/\/www.scienzenaturali.unimore.it\/?page_id=21","title":{"rendered":"Accesso al corso e frequenza"},"content":{"rendered":"<h3 style=\"text-align: center;\"><strong>Scienze Naturali UniMORE NON ha numero chiuso<\/strong><\/h3>\n<p style=\"text-align: left;\"><strong>Accesso.<\/strong> Possono iscriversi gli studenti che abbiano conseguito un titolo di scuola media superiore o titolo equipollente valido per l&#8217;iscrizione. E&#8217; tuttavia necessario sostenere una <a href=\"https:\/\/www.scienzenaturali.unimore.it\/?page_id=23&amp;lang=it\"><strong>prova di orientamento e valutazione<\/strong><\/a> finalizzata ad <strong>accertare l\u2019attitudine e la preparazione agli studi<\/strong>.<\/p>\n<p>Tale prova \u00e8 uno strumento utile sia per gli studenti, in termini di autovalutazione della propria preparazione ed attitudine ad intraprendere gli studi prescelti, sia per i Corsi di Laurea e per le Scuole, in termini di accertamento delle conoscenze minime richieste per affrontare con successo gli studi. Come detto il non superamento di questa prova non preclude l&#8217;accesso al corso; tuttavia eventuali carenze dovranno essere colmate entro il primo anno del corso di laurea.<\/p>\n<p>Il corso di laurea presuppone la conoscenza della lingua Italiana in forma orale e scritta anche se \u00e8 possibile lo svolgimento di attivit\u00e0 formative in un&#8217;altra lingua comunitaria.<\/p>\n<p><strong>Frequenza.<\/strong> La frequenza non \u00e8 obbligatoria, ma \u00e8 fortemente consigliata soprattutto per gli insegnamenti che prevedono attivit\u00e0 pratiche (per certi insegnamenti \u00e8 richiesta una frequenza minima alle lezioni di laboratorio che, in caso di studenti lavoratori, si pu\u00f2 accordare con il Docente prevedendo, ad esempio, recuperi attraverso l&#8217;appoggio di studenti tutori).<\/p>\n<p style=\"text-align: left;\"><strong>Non sono previste lezioni in modalit\u00e0 on-<\/strong><span id=\"m_7458739079577692733gmail-m_-2538661533454453029gmail-m_2168606041293814858gmail-m_-5212655192909413405gmail-m_5720304651120392890gmail-:2u0.2\"><strong>line (streaming) ovvero il caricamento delle stesse (lezioni pre-registrate) su piattaforme telematiche<\/strong>. T<\/span>uttavia contattando il Docente dell&#8217;insegnamento che non \u00e8 possibile seguire in classe, \u00e8 possibile recuperare il materiale didaticco consegnato a tutti, come anche ulteriore materiale a supporto degli studenti non frequentanti. Questo di prassi avviene mediante inserimento nel Team dell&#8217;insegnamento oppure in altra piattaforma telematica.<\/p>\n<h3>Collegamenti utili<\/h3>\n<ul>\n<li><a title=\"Immatricolazioni UNIMORE\" href=\"https:\/\/www.unimore.it\/it\/didattica\/immatricolazioni-e-iscrizioni-ai-corsi-di-laurea\/immatricolazione-ai-corsi-di-laurea\">Immatricolazioni e iscrizioni<\/a><\/li>\n<li><a href=\"https:\/\/www.unimore.it\/ammissione\/tasse.html\">Tasse e Contributi<\/a><\/li>\n<\/ul>\n","protected":false},"excerpt":{"rendered":"<p>Scienze Naturali UniMORE NON ha numero chiuso Accesso. Possono iscriversi gli studenti che abbiano conseguito un titolo di scuola media superiore o titolo equipollente valido per l&#8217;iscrizione. E&#8217; tuttavia necessario sostenere una prova di orientamento e valutazione finalizzata ad accertare l\u2019attitudine e la preparazione agli studi. Tale prova \u00e8 uno\u2026<\/p>\n<p class=\"continue-reading-button\"> <a class=\"continue-reading-link\" href=\"https:\/\/www.scienzenaturali.unimore.it\/?page_id=21\">Continue reading<i class=\"crycon-right-dir\"><\/i><\/a><\/p>\n","protected":false},"author":4,"featured_media":0,"parent":7,"menu_order":10,"comment_status":"closed","ping_status":"closed","template":"","meta":{"footnotes":""},"class_list":["post-21","page","type-page","status-publish","hentry"],"_links":{"self":[{"href":"https:\/\/www.scienzenaturali.unimore.it\/index.php?rest_route=\/wp\/v2\/pages\/21","targetHints":{"allow":["GET"]}}],"collection":[{"href":"https:\/\/www.scienzenaturali.unimore.it\/index.php?rest_route=\/wp\/v2\/pages"}],"about":[{"href":"https:\/\/www.scienzenaturali.unimore.it\/index.php?rest_route=\/wp\/v2\/types\/page"}],"author":[{"embeddable":true,"href":"https:\/\/www.scienzenaturali.unimore.it\/index.php?rest_route=\/wp\/v2\/users\/4"}],"replies":[{"embeddable":true,"href":"https:\/\/www.scienzenaturali.unimore.it\/index.php?rest_route=%2Fwp%2Fv2%2Fcomments&post=21"}],"version-history":[{"count":18,"href":"https:\/\/www.scienzenaturali.unimore.it\/index.php?rest_route=\/wp\/v2\/pages\/21\/revisions"}],"predecessor-version":[{"id":1984,"href":"https:\/\/www.scienzenaturali.unimore.it\/index.php?rest_route=\/wp\/v2\/pages\/21\/revisions\/1984"}],"up":[{"embeddable":true,"href":"https:\/\/www.scienzenaturali.unimore.it\/index.php?rest_route=\/wp\/v2\/pages\/7"}],"wp:attachment":[{"href":"https:\/\/www.scienzenaturali.unimore.it\/index.php?rest_route=%2Fwp%2Fv2%2Fmedia&parent=21"}],"curies":[{"name":"wp","href":"https:\/\/api.w.org\/{rel}","templated":true}]}}