{"id":187,"date":"2016-12-23T08:57:42","date_gmt":"2016-12-23T08:57:42","guid":{"rendered":"http:\/\/www.terra.unimore.it\/scienzenaturali\/?page_id=187"},"modified":"2024-01-11T09:36:40","modified_gmt":"2024-01-11T09:36:40","slug":"lofiolite-di-ca-de-giannasi","status":"publish","type":"page","link":"https:\/\/www.scienzenaturali.unimore.it\/?page_id=187","title":{"rendered":"L&#8217;ofiolite di Ca&#8217; de Giannasi"},"content":{"rendered":"<p>Pochi chilometri oltre il paese di Frassinoro, nell&#8217;Appennino Modenese, ai lati della strada che sale verso il Passo delle Radici, affiorano massi ofiolitici costituiti da basalti, serpentiniti ed idrotermaliti. Entro uno di questi blocchi \u00e8 aperta una cava, facilmente accessibile a piedi per mezzo di una carraia. L&#8217;area pu\u00f2 essere distinta in 5 zone differenti: 1) la parte centrale del fronte di cava che \u00e8 ricca di venature ad andamento preferenziale. In questa zona e soprattutto nella parte pi\u00f9 a sinistra, si possono trovare calcite, prehenite, datolite ed analcime; 2) la parte sud della cava, dove la roccia diviene grigio verde per la presenza di epidoto; 3) la sommit\u00e0 della parte centrale della cava dove si trovano delle idrotermaliti rosso brune con sottili venature di calcite e quarzo; sono inoltre reperibili anatasio, barite e goethite; 4) circa 200 ma nord-ovest della cava, dove affiora un blocco isolato di pochi metri cubi di idrotermalite. Qui sono reperibili millerite, vaesite, reevesite; 5) circa 300 metri a nord-est dalla cava, dove affiora un&#8217;ofiolite minore,nella quale sono presenti campioni di datolite.<\/p>\n","protected":false},"excerpt":{"rendered":"<p>Pochi chilometri oltre il paese di Frassinoro, nell&#8217;Appennino Modenese, ai lati della strada che sale verso il Passo delle Radici, affiorano massi ofiolitici costituiti da basalti, serpentiniti ed idrotermaliti. Entro uno di questi blocchi \u00e8 aperta una cava, facilmente accessibile a piedi per mezzo di una carraia. L&#8217;area pu\u00f2 essere\u2026<\/p>\n<p class=\"continue-reading-button\"> <a class=\"continue-reading-link\" href=\"https:\/\/www.scienzenaturali.unimore.it\/?page_id=187\">Continue reading<i class=\"crycon-right-dir\"><\/i><\/a><\/p>\n","protected":false},"author":4,"featured_media":0,"parent":19,"menu_order":0,"comment_status":"closed","ping_status":"closed","template":"","meta":{"footnotes":""},"class_list":["post-187","page","type-page","status-publish","hentry"],"_links":{"self":[{"href":"https:\/\/www.scienzenaturali.unimore.it\/index.php?rest_route=\/wp\/v2\/pages\/187","targetHints":{"allow":["GET"]}}],"collection":[{"href":"https:\/\/www.scienzenaturali.unimore.it\/index.php?rest_route=\/wp\/v2\/pages"}],"about":[{"href":"https:\/\/www.scienzenaturali.unimore.it\/index.php?rest_route=\/wp\/v2\/types\/page"}],"author":[{"embeddable":true,"href":"https:\/\/www.scienzenaturali.unimore.it\/index.php?rest_route=\/wp\/v2\/users\/4"}],"replies":[{"embeddable":true,"href":"https:\/\/www.scienzenaturali.unimore.it\/index.php?rest_route=%2Fwp%2Fv2%2Fcomments&post=187"}],"version-history":[{"count":4,"href":"https:\/\/www.scienzenaturali.unimore.it\/index.php?rest_route=\/wp\/v2\/pages\/187\/revisions"}],"predecessor-version":[{"id":1918,"href":"https:\/\/www.scienzenaturali.unimore.it\/index.php?rest_route=\/wp\/v2\/pages\/187\/revisions\/1918"}],"up":[{"embeddable":true,"href":"https:\/\/www.scienzenaturali.unimore.it\/index.php?rest_route=\/wp\/v2\/pages\/19"}],"wp:attachment":[{"href":"https:\/\/www.scienzenaturali.unimore.it\/index.php?rest_route=%2Fwp%2Fv2%2Fmedia&parent=187"}],"curies":[{"name":"wp","href":"https:\/\/api.w.org\/{rel}","templated":true}]}}